- 111. Give y(4).
237
Let n(h) = -5*h**3 - 49*h**2 - 22*h - 9. Give n(-8).
-409
Let o(v) = 2*v**2 - 3*v + 2. Determine o(6).
56
Let w(f) = 42*f - 204. Give w(4).
-36
Let u(a) = -2182*a + 10864. Determine u(5).
-46
Let f(y) = 376*y - 3022. Give f(8).
-14
Let i(v) = -v**3 + 90*v**2 - 1241*v. What is i(73)?
0
Let w(p) = -p**2 - 63*p - 305. Give w(-59).
-69
Let a(i) = 7*i**2 - 97*i - 5991. Determine a(37).
3
Let b(n) = 5*n**2 - 17*n - 2. Determine b(5).
38
Let w(j) = -2*j**2 - 161*j - 660. Give w(-4).
-48
Let g(n) = n**2 - 1544*n - 7743. Give g(-5).
2
Let p(y) = y**3 - 22*y**2 + 31*y - 238. Determine p(20).
-418
Let r(m) = 31*m + 6866. Calculate r(-224).
-78
Let r(z) = z**3 - 7*z**2 + 4*z - 7. Calculate r(5).
-37
Let h(o) = 7*o**2 + 1127*o + 4. Calculate h(-161).
4
Let y(i) = -i**3 - 2*i**2 + 67*i - 3. Give y(7).
25
Let v(i) = -114*i - 2466. What is v(-20)?
-186
Let k(v) = 2*v**3 + 6*v**2 + 9*v + 3. What is k(-4)?
-65
Let c(x) = -2*x**2 - 282*x - 8083. Give c(-101).
-3
Let u(k) = 143*k - 1326. Give u(8).
-182
Let i(j) = j**2 - 419*j + 4. Give i(0).
4
Let s(k) = -77*k**2 + 146*k + 27. What is s(2)?
11
Let v(f) = -28*f. What is v(2)?
-56
Let l(h) = 8*h**2 + 120*h - 1. Give l(-15).
-1
Let g(j) = -j**3 + 13*j**2 + 21*j + 155. What is g(15)?
20
Let h(w) = -23*w**2 - 30*w - 8. Give h(2).
-160
Let c(k) = -k**3 + 53*k**2 + 53*k + 46. What is c(54)?
-8
Let x(h) = 6*h**2 - 246*h - 105. Determine x(44).
687
Let v(y) = y**2 + 181*y - 3405. Give v(17).
-39
Let x(d) = d + 124. Give x(-40).
84
Let q(b) = -94*b + 9547. What is q(102)?
-41
Let d(b) = 81*b**2 - 529*b + 252. Give d(6).
-6
Let n(b) = b**3 + 21*b**2 + 61*b - 5. Calculate n(-6).
169
Let i(o) = -o**2 - 7*o - 16. What is i(-6)?
-10
Let t(l) = -13130*l + 78774. Give t(6).
-6
Let l(d) = -2*d**3 - 27*d**2 + 14*d - 3. Give l(-14).
-3
Let u(f) = 6*f**2 + 117*f + 392. What is u(-4)?
20
Let g(k) = -7*k**3 + 136*k**2 - 622*k - 13. Calculate g(12).
11
Let d(i) = -24*i - 2177. What is d(-88)?
-65
Let z(j) = 27884*j + 27884. Give z(-1).
0
Let a(k) = 22830*k - 45657. What is a(2)?
3
Let u(m) = -12547*m - 37631. Give u(-3).
10
Let r(f) = -f**2 - 2*f + 46. What is r(11)?
-97
Let z(s) = s**3 - 19*s**2 - 717*s - 231. Determine z(38).
-41
Let v(z) = -5*z + 10. Calculate v(12).
-50
Let d(y) = -3*y**3 + 273*y**2 - 7*y + 658. Calculate d(91).
21
Let x(u) = 9*u**2 - 1049*u + 594. Calculate x(116).
14
Let a(v) = -9*v - 132. Determine a(-17).
21
Let q(f) = -f**2 - 75*f + 516. Determine q(7).
-58
Let q(d) = 113*d - 428. What is q(5)?
137
Let h(l) = -l**3 + 6*l**2 + 35*l - 198. Determine h(5).
2
Let l(y) = -153*y + 2916. What is l(19)?
9
Let w(a) = 351*a - 1753. Give w(5).
2
Let b(i) = i**3 + 34*i**2 - 242*i - 93. Calculate b(-40).
-13
Let q(j) = 4*j**3 + 51*j**2 - 15*j - 45. Give q(-13).
-19
Let o(r) = -4*r**3 + 2*r**2 + 10*r + 4. Give o(4).
-180
Let q(v) = -v**2 + 2*v + 83. Give q(-8).
3
Let l(u) = -3*u**3 - 85*u**2 + 146*u - 111. Calculate l(-30).
9
Let d(x) = 110*x - 1626. Calculate d(12).
-306
Let m(t) = 35*t - 3462. Give m(99).
3
Let w(m) = -44*m**2 + 221*m - 24. Determine w(5).
-19
Let f(u) = u**2 + 23*u - 885. What is f(-43)?
-25
Let j(c) = 39*c**2 + 1206*c - 96. Calculate j(-31).
-3
Let d(q) = -q**2 + 53*q - 510. Calculate d(12).
-18
Let m(f) = 7*f + 388. Determine m(-56).
-4
Let h(g) = -4*g**3 - 43*g**2 - 64*g - 17. Determine h(-1).
8
Let x(g) = 24*g - 122. Determine x(11).
142
Let l(y) = y**2 - 212*y + 9113. Determine l(152).
-7
Let b(m) = 168*m + 10. Determine b(4).
682
Let z(v) = 227*v - 3193. Give z(14).
-15
Let g(v) = -2*v**2 + 9*v + 21. Calculate g(13).
-200
Let p(k) = k**2 + 8*k - 21. Calculate p(2).
-1
Let n(t) = -2*t**3 - 5*t**2 + 25*t - 9. What is n(-5)?
-9
Let g(p) = 4*p**2 + 105*p + 91. Determine g(-28).
287
Let u(b) = b**3 + 35*b**2 + 33*b - 102. Give u(-34).
-68
Let h(x) = 2*x**3 + 10*x**2 + 3*x - 10. Determine h(-8).
-418
Let f(z) = -29*z + 298. Calculate f(5).
153
Let a(j) = -j**3 - 37*j**2 + 47*j + 348. Calculate a(-38).
6
Let h(c) = -27*c**2 + 113*c - 14. Calculate h(4).
6
Let h(l) = 9*l**2 + 59*l - 749. Give h(-13).
5
Let u(s) = -4*s**2 - 134*s + 200. Determine u(-35).
-10
Let h(g) = 102*g + 4174. Calculate h(-39).
196
Let y(x) = x**2 - 6*x - 695. Calculate y(25).
-220
Let j(w) = -w**2 + 35*w + 113. What is j(-5)?
-87
Let s(y) = -y**3 - y**2 - y + 27. What is s(0)?
27
Let g(a) = -a**3 - a**2 + 53*a + 26. Give g(7).
5
Let y(q) = q**3 + 9*q**2 + 13*q + 86. Determine y(-10).
-144
Let a(h) = -5*h**3 + 42*h**2 + 27*h - 52. Calculate a(9).
-52
Let m(z) = z**3 + 26*z**2 + 68*z - 23. What is m(-23)?
0
Let z(u) = 3*u**2 + 21*u + 226. Calculate z(-16).
658
Let b(i) = 16*i**2 - 80*i + 3. Give b(5).
3
Let u(r) = -25*r + 1934. What is u(76)?
34
Let f(i) = -i**3 - 3*i**2 - 21*i - 23. Give f(-6).
211
Let g(k) = -k**3 + 8*k**2 + 14*k - 46. Determine g(9).
-1
Let u(p) = p**3 - 11*p**2 + 140*p - 1305. Calculate u(10).
-5
Let t(i) = 14*i**2 - 19*i + 9. Calculate t(1).
4
Let r(y) = 6*y**2 + 115*y + 38. Calculate r(-18).
-88
Let r(s) = -s**3 + s**2 - 28*s + 404. Calculate r(0).
404
Let m(y) = -y**3 - 54*y**2 - 47*y + 326. What is m(-53)?
8
Let k(b) = -2*b**3 + 4*b**2 - 16*b - 8. Give k(6).
-392
Let a(u) = -3*u**2 + 39*u + 155. Determine a(-3).
11
Let o(c) = c**2 - 73*c + 209. Calculate o(3).
-1
Let x(i) = 5*i**2 - 90*i - 477. Give x(-5).
98
Let h(z) = -148*z - 584. What is h(-5)?
156
Let d(n) = -8*n**2 + 111*n + 32. Give d(15).
-103
Let f(r) = -77*r - 3153. What is f(-41)?
4
Let x(d) = 14052*d + 84336. What is x(-6)?
24
Let g(j) = j**3 - 25*j**2 - 4*j + 69. Determine g(25).
-31
Let d(l) = -l**2 - 26*l - 114. Calculate d(-20).
6
Let x(k) = -21*k + 45. What is x(-13)?
318
Let w(x) = 480*x**2 - 3. What is w(0)?
-3
Let o(h) = -4*h**2 + 38*h + 60. What is o(10)?
40
Let u(i) = 111*i - 12450. Give u(112).
-18
Let a(t) = 16*t + 1251. What is a(-59)?
307
Let z(p) = -2*p**3 + 11*p**2 - 5*p + 1. Give z(4).
29
Let u(b) = -b**3 + 43*b**2 + 241*b - 11888. What is u(42)?
-2
Let c(x) = x**3 + 50*x**2 + 139*x + 4424. What is c(-49)?
14
Let f(p) = 4*p**2 - 11*p + 13. What is f(3)?
16
Let q(i) = i**3 + 24*i**2 - 76*i + 48. Calculate q(-27).
-87
Let i(d) = -2*d**2 - 35*d + 199. Determine i(6).
-83
Let z(a) = 2*a**3 + a**2 - a - 8. Calculate z(0).
-8
Let g(a) = -a**3 - 11*a**2 - 5*a + 88. Give g(-10).
38
Let d(g) = 5*g**3 - 17*g**2 - 188*g + 32. Give d(8).
0
Let c(t) = -719*t - 5744. Determine c(-8).
8
Let t(d) = 44*d**2 + 358*d + 34. Determine t(-8).
-14
Let q(c) = -123*c + 1383. What is q(11)?
30
Let u(g) = 90*g - 714. Give u(10).
186
Let p(m) = -68*m - 273. Calculate p(-8).
271
Let h(m) = -8*m - 192. Calculate h(-32).
64
Let a(w) = 6*w + 282. What is a(-4)?
258
Let i(c) = 164*c + 1329. What is i(-9)?
-147
Let h(k) = -85*k - 532. What is h(-6)?
-22
Let b(l) = -50*l - 245. Calculate b(-5).
5
Let n(b) = b**3 + 185*b**2 - 167*b + 3530. Determine n(-186).
-4
Let r(z) = -14*z**2 - 413*z - 575. Give r(-28).
13
Let c(v) = -697*v + 9071. Give c(13).
10
Let q(y) = -67*y - 11. What is q(-3)?
190
Let m(d) = 2*d**2 - 39*d - 8. Calculate m(15).
-143
Let t(z) = -8*z + 426. Determine t(57).
-30
Let a(b) = -688*b**3 + b**2 + 5*b + 2. Give a(-1).
686
Let v(f) = -2*f**3 - 18*f**2 + 7*f + 75. Calculate v(-9).
12
Let p(c) = -c**2 - 588*c + 2368. What is p(4)?
0
Let r(u) = -4*u**2 - 21*u + 61. Give r(4).
-87
Let c(y) = -y**2 - 85*y + 6497. Determine c(48).
113
Let b(k) = 13*k**2 + 16*k + 16. Determine b(-1).
13
Let c(r) = -2*r**2 - 58*r + 316. Give c(-34).
-24
Let f(l) = l**2 - 34*l - 441. What is f(44)?
-1
Let i(c) = 309*c + 3295. Calculate i(-11).
-104
Let w(u) = u**3 - 153*u**2 + 145*u + 1068. What is w(152)?
4
Let m(w) = -6*w**2 - 120*w + 51. Determine m(-20).
51
Let v(t) = -2*t**2 - 63*t + 587. Determine v(-40).
-93
Let z(b) = -134*b - 8974. Determine z(-67).
4
Let d(l) = 2*l**2 - 98*l + 982. Calculate d(15).
-38
Let y(w) = -19*w**3 - 761*w**2 - 46*w - 247. What is y(-40)?
-7
Let t(g) = 22*g + 48. Give t(-5).
-62
Let r(q) = -3*q**3 + 8*q**2 - 5*q. What is r(3)?
-24
Let a(x) = -x**2 + 1446*x + 11639. Determine a(-8).
7
Let o(f) = 68*f + 319. Calculate o(-4).
47
Let i(k) = -k + 79. Determine i(-39).
118
Let s(o) = -3021*o + 66460. Give s(22).
-2
Let z(r) = 29*r - 53. Calculate z(0).
-53
Let i(l) = -l**3 + 126*l**2 - 280*l + 51690. Determine i(127).
1
L